n divisor of j and 49?
7
Let d(m) = -m**3 - m**2 + m + 63. Let a be d(0). Suppose 0 = 3*t - 2*t - 9. What is the highest common divisor of a and t?
9
Suppose -4*u + 25 = -5*o, -4*o = -u - u + 14. Suppose 63 = 2*s - u*y, s + 2*y + 3 = 12. Calculate the highest common factor of s and 38.
19
Let r(d) = d + 1. Let a be r(4). Suppose -550 = -a*x - 0*x. What is the greatest common divisor of 44 and x?
22
Suppose z - g + 5 = 0, -2*z - 3*z = g - 5. Let s be 0 - (-6 + 3 + z). Calculate the greatest common divisor of 21 and s.
3
Suppose 9 + 3 = -3*m. Let o be 328/6 - m/(-6). Suppose 4*t - 35 = 2*l + 17, -l = -4*t + o. What is the greatest common divisor of 2 and t?
2
Let n be 5 + (0 + 0 - 2). Let p(r) = 84*r - 2. Let d be p(n). Calculate the highest common divisor of d and 25.
25
Let q = 11 + -7. Suppose 3*r + 3 = 0, 2*s - 4*r = q*s - 302. What is the highest common factor of 17 and s?
17
Suppose 0 = i + 4*i - 585. Suppose 2*d + d - i = 0. What is the greatest common divisor of d and 13?
13
Suppose -4*m = 69 - 285. What is the greatest common factor of 18 and m?
18
Let u = -1 - -6. Let b(c) = 10*c - 7*c + 3 - 2. Let j be b(3). What is the highest common divisor of j and u?
5
Suppose 3*p - 63 = 2*p. Calculate the greatest common divisor of p and 9.
9
Suppose 3*q = -4 - 2, -3*z + 244 = 4*q. Calculate the greatest common factor of z and 48.
12
Suppose -2*q + 21 = g, 0 = q - 0*g + 3*g - 3. Let m(d) = 3 + 1 - 1 - 31*d. Let t be m(-3). Calculate the greatest common factor of t and q.
12
Suppose -2*l + 3*t - 6 = 0, -3*l + 25 = 4*t - 0. Let g be -10*l*12/(-5). Suppose -g = 2*k - 5*k. Calculate the highest common divisor of 6 and k.
6
Let c(k) = k**2 - 2*k + 163. Let v be c(0). Suppose 62 + v = 5*y. What is the greatest common factor of y and 15?
15
Let x(y) = -y - 10. Let s be x(-12). Suppose -s*i + i - 5*m - 1 = 0, -3*i + m = -13. What is the greatest common factor of 12 and i?
4
Let x(u) = -48*u - 8. Let r be x(-6). Let h = -190 + r. Calculate the greatest common divisor of 10 and h.
10
Let c be 33/(-4) + 3/(-4). Let u = 11 + c. Calculate the greatest common divisor of u and 16.
2
Let m = 7 - 1. Suppose 12 = 5*t - 3. Calculate the highest common divisor of t and m.
3
Let o = -51 + 57. Calculate the highest common factor of o and 8.
2
Let k(i) = 2*i**2 + 3*i + 1. Suppose 27 = -t - 2*t - 5*s, -6 = 2*s. Let m be k(t). Let r be (-4)/6 + 1274/m. What is the greatest common factor of r and 12?
12
Suppose -o = 39 - 219. What is the greatest common factor of o and 36?
36
Let x = 31 + -2. What is the highest common divisor of x and 232?
29
Let w be (58/8)/(1/(-4)). Let v = -19 - w. What is the greatest common divisor of v and 40?
10
Let m = 4 - 5. Let p be -1*(105 + m)/(-2). What is the greatest common factor of 130 and p?
26
Let g = 93 + 61. Suppose -j - m = m - 16, 5*j + m = 71. What is the highest common divisor of j and g?
14
Suppose 3*q - g = 2*g + 24, 12 = -q - 4*g. What is the highest common divisor of q and 16?
4
Let j = 456 + -246. Calculate the greatest common divisor of 21 and j.
21
Suppose 2*h + 4 = -14. Let m be 2/h - (-1714)/18. Calculate the greatest common factor of m and 38.
19
Suppose 4*l - 7*l = -9. Let u = l - -3. Let g(a) = a**3 + 3*a**2 - 2*a. Let q be g(-3). Calculate the greatest common factor of q and u.
6
Let i be -9*(-2 + (-15)/(-9)). Suppose i*o - 56 = o. Calculate the greatest common divisor of 7 and o.
7
Let l(i) = -i**3 - 3*i**2. Let x be l(-5). Let y(b) = -b**2 - 11*b - 8. Let a be y(-9). Calculate the greatest common factor of x and a.
10
Let s = 103 + -93. What is the greatest common factor of 50 and s?
10
Let a be 2/(2 + 20/(-11)). Let r = 61 + -17. Calculate the greatest common divisor of r and a.
11
Let x(m) = -3*m + 20. Let q be x(0). Let d(r) = 2*r**2 - r + 1. Let h be d(1). What is the highest common divisor of q and h?
2
Let b be (-1)/4 - (-26)/8. Suppose -4*p + p = 4*f - 20, -2*f - 44 = -b*p. What is the greatest common factor of 12 and p?
12
Suppose 19 - 85 = -2*s. Suppose 2*h + 44 = 6*h. Calculate the greatest common factor of s and h.
11
Suppose -58 = 3*g - 292. What is the highest common divisor of g and 117?
39
Let u(d) = -d**3 + 9*d**2 - 6*d - 11. Let f be u(8). What is the greatest common factor of 1 and f?
1
Suppose 3*c + 2*b = -23, c + 0*b + 6 = b. Let t(m) = -m**2 - 7*m + 2. Let j be t(c). Calculate the highest common factor of j and 1.
1
Suppose -5*r = -20, k + 2*k + 2*r = 116. Suppose -b - 2*b = -k. What is the greatest common factor of 60 and b?
12
Suppose 5*f + 2*s = 1114, 4*f + 5*s - 911 = 10*s. What is the highest common divisor of f and 28?
28
Let f(i) = 3*i + 1. Suppose -h + 3*h - 16 = 0. Let w be f(h). What is the highest common divisor of 5 and w?
5
Let f(k) = 20*k. Let j be f(4). What is the greatest common factor of j and 16?
16
Let a(l) = 2 - 6 + 9*l**2 + 2 - 7*l - l**3. Let c be a(8). Let i be (-4)/(-3)*18/c. Calculate the highest common divisor of 28 and i.
4
Suppose 4*q + 4*a - 29 - 23 = 0, -2*a = -10. Let m = -17 - -7. Let c = -2 - m. Calculate the highest common factor of q and c.
8
Suppose -2 = -2*o - f, -4*o - 5*f + 3 = 5. Suppose o*d = 4*j - 5*j + 107, 5*j + 125 = 2*d. Calculate the highest common divisor of 5 and d.
5
Let a = -16 - -26. Let n be 21/(-15) - (-4)/a. Let v be n/(-3) + (-2012)/(-12). What is the highest common divisor of 21 and v?
21
Suppose 216 = 2*x + 4*i, i - 566 = -5*x + 4*i. Calculate the highest common divisor of 16 and x.
16
Suppose 0 = -2*k - h + 18, 4*k + 5*h = -0*k + 48. What is the highest common factor of k and 14?
7
Suppose -4*g = -1 - 3. Suppose 2*j - 3 = -3*s - 4, -2*s = 3*j - 1. Let n be 4*(3 - s/(-1)). What is the highest common factor of g and n?
1
Suppose 2*x = x. Suppose x = 4*y + l - 27, 0*l - 17 = y + 5*l. Suppose -3 = -5*t + 7. What is the greatest common divisor of y and t?
2
Let q = -13 - -48. Suppose 0 = -5*z + 9 + 26. Calculate the highest common factor of q and z.
7
Suppose 5*o + 11 = -n, -4 = 2*o - 0. Let x be (-55 - 1)/(0 + n). What is the highest common divisor of 8 and x?
8
Let s = 95 + -67. Suppose -3*b - b = -s. What is the greatest common divisor of 1 and b?
1
Let i = 109 - -38. What is the greatest common factor of 42 and i?
21
Let b = 415 + -246. Suppose -11 = -3*k + b. Let o = -35 + 50. Calculate the highest common factor of k and o.
15
Suppose -3*a + 18 = 2*p, 2*a = 4*p - 5*p + 13. Suppose 4*r - 3 - 5 = 0. What is the greatest common factor of r and a?
2
Let q = -16 + 6. Let g(m) = m**3 + 11*m**2 + 10*m + 3. Let o be g(q). Let l be (-57)/(o - 45/12). Calculate the highest common factor of 19 and l.
19
Suppose -5*h + 3*j + 58 = -0*h, 5*h - 54 = 4*j. What is the highest common factor of h and 70?
14
Suppose 6*d - d = m + 15, -2*d + 3*m = 7. Let q = 52 + -8. Calculate the highest common factor of q and d.
4
Let i(x) = -x - 1 + 4*x + 2*x**2 - 2*x. Let c be i(6). Suppose o + 3*o + 52 = 4*n, 0 = 4*n - o - 46. What is the greatest common divisor of c and n?
11
Suppose -x + 5*i + 14 = 0, 0 = -4*x - 3*i + 22 + 11. Calculate the highest common factor of 27 and x.
9
Let q(v) = v**3 - v**2 - 2*v - 4. Let s be q(3). Suppose 6 = -z + 4*c + 1, -2*z + 2*c + s = 0. Calculate the highest common divisor of 77 and z.
7
Let j(t) = t**3 - 8*t**2 + 9*t + 6. Let h be j(7). What is the highest common factor of 220 and h?
20
Let t be 1/3 - (-476)/12. What is the greatest common divisor of 20 and t?
20
Suppose -4*r - 10*r + 546 = 0. What is the greatest common factor of 65 and r?
13
Suppose -100 = 5*y - 25. Let v = y - -33. Suppose 0 = k + k - v. What is the greatest common factor of 1 and k?
1
Let f(l) = l**3 + 5*l**2 + 2*l - 5. Let t be f(-4). Calculate the greatest common factor of 9 and t.
3
Suppose -5*y = 2*k - 4*k - 480, -2*y - 5*k + 192 = 0. What is the highest common divisor of 12 and y?
12
Suppose 8 + 0 = 4*o. Suppose -248 - 770 = -o*n. Suppose 2*d - 3*z + 2*z - 253 = 0, 5*z = 4*d - n. What is the greatest common factor of 14 and d?
14
Let t = 11 + 11. Let s = t - 13. Calculate the highest common factor of 99 and s.
9
Let c be -1 + 3 - -4 - 3. Suppose -c*v = i - 15, v - 60 - 11 = -4*i. What is the highest common divisor of i and 2?
2
Let z(w) = -14*w. Let u be z(-7). Let j = -36 + 50. Calculate the greatest common factor of u and j.
14
Suppose p + 2*g = -3*